 + 118*v - 3487. Calculate a(56).
-15
Let h(o) = 2*o**3 - 137*o**2 - 69*o - 13. Determine h(69).
-13
Let u(m) = -5*m**2 + 32*m - 24. Calculate u(6).
-12
Let o(q) = -17*q + 90. Calculate o(13).
-131
Let v(a) = -a**3 - 7*a**2 - 27*a + 26. Determine v(-5).
111
Let r(i) = -i**3 - 141*i**2 + 280*i - 822. What is r(-143)?
36
Let x(c) = -6078*c - 54715. What is x(-9)?
-13
Let d(u) = 329*u - 8566. Give d(26).
-12
Let y(i) = -1546*i - 228816. Give y(-148).
-8
Let g(p) = -193*p + 1132. What is g(8)?
-412
Let j(m) = -329*m + 17437. Calculate j(53).
0
Let q(k) = -550*k - 8812. Determine q(-16).
-12
Let u(p) = 31*p - 1905. Calculate u(61).
-14
Let a(t) = 2*t**2 + 547*t - 2214. Calculate a(4).
6
Let w(l) = -l**3 + 3*l**2 + 28*l + 36. Determine w(8).
-60
Let w(x) = -2*x**2 - 28*x - 87. Determine w(-8).
9
Let p(j) = 3*j**2 - 37*j + 20. Calculate p(6).
-94
Let q(k) = 10*k**2 + 129*k - 51. Determine q(-14).
103
Let a(k) = -3*k**2 + 72*k - 8. Calculate a(24).
-8
Let j(h) = 2*h**3 + 16*h**2 + 11*h - 12. What is j(-7)?
9
Let m(u) = u**3 + 7*u**2 - 31*u - 165. Give m(-4).
7
Let k(a) = 443*a - 2288. Give k(5).
-73
Let y(a) = -3*a**3 + 49*a**2 + 37*a - 33. Calculate y(17).
18
Let w(s) = 6*s**3 + 87*s**2 + 41*s - 6. Calculate w(-14).
8
Let w(q) = -436*q - 3929. What is w(-9)?
-5
Let j(u) = -16*u**3 - 28*u + 101. What is j(3)?
-415
Let s(y) = 2*y**2 + 40*y + 175. Give s(-13).
-7
Let q(i) = 11*i**3 - 15*i**2 - 4*i - 5. Determine q(2).
15
Let x(z) = -z**3 - 56*z**2 - 159*z + 5. Give x(-53).
5
Let r(d) = -d**3 - 26*d**2 + 32*d - 67. Give r(-27).
-202
Let l(u) = 3*u**3 + 44*u**2 - 30*u - 225. What is l(-15)?
0
Let y(p) = -251*p - 4287. What is y(-17)?
-20
Let c(x) = -x**2 - 51*x - 508. What is c(-13)?
-14
Let k(f) = 303*f**3 - 8789*f**2 + 61*f - 92. What is k(29)?
-5
Let d(h) = h**2 + 9*h - 116. Determine d(-16).
-4
Let i(c) = 5*c**2 + 189*c + 14. What is i(-37)?
-134
Let x(h) = -27*h + 48. Calculate x(2).
-6
Let h(s) = -8*s**2 + 5*s + 29. Determine h(-6).
-289
Let t(w) = w**3 + 30*w**2 + 145*w + 34. What is t(-24)?
10
Let u(n) = -51*n - 4. What is u(1)?
-55
Let z(d) = -d**3 - 13*d**2 + 56*d + 382. Give z(-15).
-8
Let u(q) = -q**3 + q**2 + 2*q + 21. Calculate u(-4).
93
Let j(r) = -r**2 - 21*r - 126. Give j(-22).
-148
Let n(v) = v**2 - 17*v - 87. What is n(21)?
-3
Let r(y) = -y**2 - 16*y - 314. Determine r(-28).
-650
Let o(h) = -45*h + 403. What is o(9)?
-2
Let j(k) = 94*k**3 - 2*k**2 + 48*k + 48. What is j(-1)?
-96
Let d(p) = -p**3 - 5*p**2 - 24*p - 120. Calculate d(-5).
0
Let t(v) = -v**3 - 7*v**2 + 64*v + 44. Calculate t(-12).
-4
Let h(g) = -g**3 + 9*g**2 + 520*g + 1754. Give h(29).
14
Let k(v) = 25*v**2 + 8*v - 7. Calculate k(1).
26
Let u(k) = 2*k**2 - 3*k - 32. Give u(6).
22
Let o(q) = 5*q - 349. Calculate o(46).
-119
Let d(i) = 350*i - 2093. Determine d(6).
7
Let h(y) = 2*y**3 - 45*y**2 + 46*y - 519. Calculate h(22).
9
Let v(z) = -z**3 - 16*z**2 - 23. Give v(-5).
-298
Let i(r) = 2*r**3 - 76*r**2 - 78*r + 4. Give i(39).
4
Let k(s) = s**3 + 93*s**2 + 22*s + 2044. Calculate k(-93).
-2
Let c(q) = 2*q + 60. What is c(18)?
96
Let u(b) = 4*b**2 + 218*b + 1476. Calculate u(-8).
-12
Let v(u) = -8*u**2 + 397*u + 793. Determine v(-2).
-33
Let f(l) = l**3 + 9*l**2 + 219*l + 1980. Calculate f(-9).
9
Let w(c) = c**3 - 6*c**2 + 14*c - 25. Calculate w(5).
20
Let c(z) = 73*z + 1271. What is c(-18)?
-43
Let j(y) = y**3 + 118*y**2 - 208*y - 10582. What is j(-119)?
9
Let p(z) = -5*z**2 - 41*z - 65. Determine p(-2).
-3
Let h(d) = -3*d - 36. Determine h(9).
-63
Let l(n) = 416*n + 2494. Give l(-6).
-2
Let m(p) = p**3 - 38*p**2 + 130*p + 236. What is m(34)?
32
Let d(w) = 23*w**3 + 45*w**2 + 28*w - 18. Give d(-1).
-24
Let h(y) = -39*y + 172. What is h(5)?
-23
Let y(k) = 6*k**2 + 129*k - 22. Give y(-22).
44
Let h(k) = 48*k**2 - 10*k + 5. What is h(2)?
177
Let w(i) = 169*i + 1019. Determine w(-6).
5
Let h(n) = -14*n - 835. Give h(-56).
-51
Let c(a) = -3*a**3 - 131*a**2 + 50*a + 250. Calculate c(-44).
-14
Let a(b) = -308*b - 1561. Give a(-5).
-21
Let g(c) = c**3 - 7*c**2 - 17*c - 33. Determine g(9).
-24
Let s(w) = w**3 + 14*w**2 + 11*w - 6. Determine s(0).
-6
Let k(x) = x**3 - 38*x**2 + 71*x - 56. What is k(36)?
-92
Let k(i) = 3*i - 124. What is k(10)?
-94
Let p(a) = 259*a + 18118. Calculate p(-70).
-12
Let i(t) = -3*t**2 + 27*t - 6. Calculate i(9).
-6
Let f(c) = c**3 - 9*c**2 + 19*c + 12. What is f(7)?
47
Let b(x) = x**3 - 17*x**2 + 25*x - 2. Determine b(14).
-240
Let c(y) = -y**2 + 37*y + 9. Calculate c(39).
-69
Let t(c) = -c**3 + 5*c**2 - 105*c + 833. Calculate t(7).
0
Let c(d) = -36*d + 46. Give c(8).
-242
Let b(z) = 13*z**2 + 267*z - 444. Give b(-22).
-26
Let x(c) = -6*c**2 - 30*c + 44. Determine x(-7).
-40
Let a(h) = 12*h**3 - 166*h**2 - 28*h + 12. Calculate a(14).
12
Let b(r) = -7*r**2 - 40*r - 61. Determine b(-2).
-9
Let h(w) = 438*w - 19269. Give h(44).
3
Let c(q) = 2*q**3 - 2*q**2 - 130*q - 239. What is c(-2)?
-3
Let l(o) = 17*o + 232. Give l(-5).
147
Let g(d) = 51*d + 3178. Determine g(-62).
16
Let o(n) = 805*n - 81309. Give o(101).
-4
Let t(k) = -k**3 - 37*k - 171. Determine t(-5).
139
Let n(l) = -l**2 + 250*l - 986. Determine n(4).
-2
Let n(y) = -115*y - 16216. What is n(-141)?
-1
Let j(y) = 528*y + 2451. Determine j(-5).
-189
Let a(o) = 2*o**3 - 211*o**2 - 165*o + 6249. Calculate a(106).
-5
Let c(v) = v**3 + 74*v**2 + 112*v - 2277. Calculate c(-72).
27
Let t(r) = -53*r + 529. What is t(10)?
-1
Let i(x) = 8*x**3 - 10*x**2 + 5*x - 11. Determine i(2).
23
Let q(t) = 530*t - 22261. Give q(42).
-1
Let q(w) = -50*w + 3406. Calculate q(68).
6
Let p(a) = 15*a**2 - 94*a + 2. Determine p(6).
-22
Let z(b) = 12*b**3 - 86*b**2 - 185*b - 107. Determine z(9).
10
Let j(m) = -393*m - 1264. Calculate j(-3).
-85
Let u(s) = s**2 + 12*s - 173. Calculate u(11).
80
Let q(j) = -3*j**3 + 3*j**2 + 10*j + 20. Calculate q(-4).
220
Let w(u) = 4*u + 103. Give w(-5).
83
Let l(t) = -t**2 + 75*t + 1579. Determine l(-17).
15
Let z(h) = 559*h - 899. What is z(2)?
219
Let j(r) = 6*r + 251. Calculate j(-10).
191
Let s(k) = 40*k - 342. Determine s(9).
18
Let b(p) = 706*p + 22591. Determine b(-32).
-1
Let b(j) = j**2 - 743*j - 28062. Give b(-36).
-18
Let u(z) = z**2 + 135*z - 4516. Give u(28).
48
Let o(b) = 95*b - 2368. Calculate o(25).
7
Let q(h) = h**3 + 27*h**2 + 54*h - 440. What is q(-24)?
-8
Let u(o) = o**3 + 2*o**2 - 207*o + 726. What is u(4)?
-6
Let f(n) = -222*n + 1107. Give f(5).
-3
Let b(y) = -154*y**3 - 2*y**2 + 3*y + 1. Determine b(2).
-1233
Let b(f) = -f**2 - 22*f + 34. Determine b(9).
-245
Let c(y) = 18*y**2 - 39*y - 72. Give c(-2).
78
Let b(a) = 4*a**2 + 166*a + 7. Give b(-42).
91
Let y(b) = 2207*b - 28719. Determine y(13).
-28
Let v(w) = w**2 + 21*w + 38. What is v(-10)?
-72
Let r(u) = -u**2 + 37*u + 249. Determine r(-6).
-9
Let p(z) = z**3 - 12*z**2 - 6*z + 81. Determine p(12).
9
Let o(t) = -4*t**3 + 18*t**2 - 6*t + 2. Determine o(3).
38
Let t(w) = 1112*w + 6723. What is t(-6)?
51
Let b(o) = -o**3 + 33*o**2 - 36*o - 48. What is b(32)?
-176
Let h(i) = -i**2 + 4*i + 33. Give h(-5).
-12
Let w(i) = -2*i**3 - 46*i**2 - 149*i + 24. What is w(-19)?
-33
Let s(k) = 5*k**2 + 17*k - 74. Give s(0).
-74
Let t(s) = -31*s**2 + 2520*s + 4393. Determine t(83).
-6
Let u(n) = 4*n**2 - 53*n - 41. Calculate u(17).
214
Let o(b) = 21*b + 284. Determine o(-13).
11
Let i(f) = -f**2 - 9*f + 234. What is i(-10)?
224
Let c(f) = 92*f - 202. Determine c(0).
-202
Let u(r) = r**2 - 22*r - 157. Determine u(-7).
46
Let z(p) = 35*p**3 - 4*p**2 - 2*p + 4. Determine z(-1).
-33
Let d(a) = -91*a**2 - 2*a + 14. Calculate d(1).
-79
Let y(p) = -p**2 + 58*p - 313. What is y(6)?
-1
Let o(n) = -n**3 + 9*n**2 - 10*n + 6. Give o(4).
46
Let a(k) = 8*k**3 + 42*k**2 - 34*k - 8. What is a(-6)?
-20
Let l(i) = -4*i**2 - 148*i - 847. Give l(-7).
-7
Let h(x) = 43*x + 3154. Calculate h(-74).
-28
Let r(l) = -97*l**2 - 494*l - 4. Calculate r(-5).
41
Let w(z) = -2*z**3 - z**2 - 4*z - 2. Give w(-1).
3
Let u(i) = 2*i**2 - 54*i - 2321. Determine u(-24).
127
Let i(m) = -780*m + 8607. What is i(11)?
27
Let t(y) = 57*y + 405. What is t(-7)?
6
Let f(s) = s**3 + 10*s**2 - 4*s + 23. Give f(-11).
-54
Let y(o) = -2*o**3 - 10*o**2 + 6*o - 12. What is y(-4)?
-68
Let k(x) = x**3 - 4*x**2 - x - 55. Calculate k(6).
11
Let k(i) = 54*i - 26. What is k(0)?
-26
Let a(n) = 581*